is the units digit of 401?
1
What is the thousands digit of 23222?
3
What is the hundreds digit of 4129?
1
What is the tens digit of 28111?
1
What is the ten thousands digit of 10636?
1
What is the ten thousands digit of 33154?
3
What is the tens digit of 28658?
5
What is the hundreds digit of 7615?
6
What is the units digit of 868?
8
What is the tens digit of 92?
9
What is the units digit of 7?
7
What is the thousands digit of 5791?
5
What is the units digit of 1675?
5
What is the thousands digit of 13569?
3
What is the thousands digit of 33037?
3
What is the units digit of 653?
3
What is the tens digit of 3448?
4
What is the units digit of 57500?
0
What is the tens digit of 12406?
0
What is the hundreds digit of 1060?
0
What is the units digit of 575?
5
What is the ten thousands digit of 78063?
7
What is the tens digit of 6969?
6
What is the tens digit of 430?
3
What is the thousands digit of 29770?
9
What is the units digit of 6261?
1
What is the units digit of 1270?
0
What is the units digit of 70906?
6
What is the units digit of 110?
0
What is the thousands digit of 3952?
3
What is the ten thousands digit of 26280?
2
What is the thousands digit of 1654?
1
What is the tens digit of 748?
4
What is the thousands digit of 139527?
9
What is the units digit of 5308?
8
What is the ten thousands digit of 35494?
3
What is the units digit of 29393?
3
What is the hundreds digit of 4729?
7
What is the hundreds digit of 103735?
7
What is the units digit of 2225?
5
What is the units digit of 100461?
1
What is the units digit of 14221?
1
What is the hundreds digit of 6846?
8
What is the units digit of 99825?
5
What is the tens digit of 2145?
4
What is the hundreds digit of 311?
3
What is the hundreds digit of 1764?
7
What is the hundreds digit of 351?
3
What is the ten thousands digit of 17189?
1
What is the hundreds digit of 16829?
8
What is the tens digit of 14786?
8
What is the ten thousands digit of 27327?
2
What is the tens digit of 2961?
6
What is the hundred thousands digit of 144566?
1
What is the tens digit of 857?
5
What is the units digit of 5017?
7
What is the hundreds digit of 3792?
7
What is the tens digit of 8243?
4
What is the ten thousands digit of 54367?
5
What is the units digit of 17507?
7
What is the thousands digit of 2791?
2
What is the thousands digit of 1263?
1
What is the tens digit of 1370?
7
What is the units digit of 5710?
0
What is the tens digit of 3033?
3
What is the units digit of 4230?
0
What is the tens digit of 8250?
5
What is the ten thousands digit of 94065?
9
What is the units digit of 1579?
9
What is the tens digit of 1190?
9
What is the hundreds digit of 20997?
9
What is the hundreds digit of 1521?
5
What is the thousands digit of 5825?
5
What is the units digit of 4531?
1
What is the thousands digit of 58547?
8
What is the tens digit of 10096?
9
What is the tens digit of 792?
9
What is the ten thousands digit of 72926?
7
What is the hundreds digit of 7085?
0
What is the units digit of 1383?
3
What is the thousands digit of 1150?
1
What is the tens digit of 41732?
3
What is the ten thousands digit of 55598?
5
What is the hundreds digit of 45487?
4
What is the units digit of 4254?
4
What is the thousands digit of 18096?
8
What is the units digit of 12195?
5
What is the units digit of 2561?
1
What is the hundreds digit of 1602?
6
What is the tens digit of 9784?
8
What is the hundreds digit of 2069?
0
What is the thousands digit of 3308?
3
What is the thousands digit of 6179?
6
What is the hundreds digit of 15237?
2
What is the units digit of 45337?
7
What is the units digit of 922?
2
What is the hundreds digit of 15483?
4
What is the units digit of 42819?
9
What is the units digit of 1635?
5
What is the ten thousands digit of 37896?
3
What is the hundreds digit of 6460?
4
What is the tens digit of 17392?
9
What is the thousands digit of 7260?
7
What is the hundreds digit of 4127?
1
What is the tens digit of 1022?
2
What is the thousands digit of 2216?
2
What is the units digit of 8?
8
What is the units digit of 1367?
7
What is the hundreds digit of 1209?
2
What is the thousands digit of 57279?
7
What is the hundreds digit of 555?
5
What is the hundreds digit of 2624?
6
What is the units digit of 23063?
3
What is the units digit of 8641?
1
What is the hundreds digit of 545?
5
What is the hundreds digit of 273?
2
What is the hundreds digit of 1781?
7
What is the tens digit of 113320?
2
What is the hundred thousands digit of 198090?
1
What is the tens digit of 1470?
7
What is the units digit of 1041?
1
What is the units digit of 87460?
0
What is the thousands digit of 6289?
6
What is the units digit of 660?
0
What is the tens digit of 378?
7
What is the thousands digit of 130685?
0
What is the tens digit of 2924?
2
What is the units digit of 177?
7
What is the hundreds digit of 442?
4
What is the units digit of 11122?
2
What is the hundreds digit of 2373?
3
What is the thousands digit of 3857?
3
What is the units digit of 20029?
9
What is the hundreds digit of 1580?
5
What is the thousands digit of 1542?
1
What is the tens digit of 243?
4
What is the units digit of 3516?
6
What is the thousands digit of 8678?
8
What is the thousands digit of 1296?
1
What is the hundreds digit of 1715?
7
What is the hundreds digit of 9834?
8
What is the units digit of 27371?
1
What is the tens digit of 5920?
2
What is the hundreds digit of 37782?
7
What is the thousands digit of 6965?
6
What is the units digit of 37998?
8
What is the units digit of 3675?
5
What is the ten thousands digit of 26108?
2
What is the hundreds digit of 680?
6
What is the units digit of 7719?
9
What is the hundreds digit of 10368?
3
What is the thousands digit of 1737?
1
What is the hundreds digit of 1964?
9
What is the tens digit of 68191?
9
What is the hundreds digit of 27217?
2
What is the hundreds digit of 799?
7
What is the tens digit of 1637?
3
What is the hundreds digit of 43052?
0
What is the thousands digit of 48217?
8
What is the units digit of 16419?
9
What is the hundreds digit of 332?
3
What is the units digit of 5?
5
What is the units digit of 11937?
7
What is the hundreds digit of 11196?
1
What is the ten thousands digit of 79705?
7
What is the hundreds digit of 885?
8
What is the tens digit of 4263?
6
What is the hundreds digit of 587?
5
What is the units digit of 3507?
7
What is the units digit of 6445?
5
What is the tens digit of 1256?
5
What is the units digit of 2358?
8
What is the hundreds digit of 2772?
7
What is the thousands digit of 2307?
2
What is the thousands digit of 90282?
0
What is the hundreds digit of 223?
2
What is the thousands digit of 4206?
4
What is the thousands digit of 9649?
9
What is the units digit of 1697?
7
What is the ten thousands digit of 13194?
1
What is the thousands digit of 2092?
2
What is the thousands digit of 6002?
6
What is the hundreds digit of 7771?
7
What is the tens digit of 6252?
5
What is the thousands digit of 3788?
3
What is the units digit of 1866?
6
What is the ten thousands digit of 42247?
4
What is the units digit of 2877?
7
What is the units digit of 2114?
4
What is the tens digit of 47336?
3
What is the tens digit of 641?
4
What is the tens digit of 25254?
5
What is the hundreds digit of 5606?
6
What is the thousands digit of 42140?
2
What is the units digit of 6260?
0
What is the ten thousands digit of 20328?
2
What is the ten thousands digit of 80391?
8
What is the ten thousands digit of 16294?
1
What is the hundreds digit of 3856?
8
What is the units digit of 305?
5
What is the units digit of 1927?
7
What is the hundreds digit of 103251?
2
What is the units digit of 5246?
6
What is the tens digit of 9723?
2
What is the ten thousands digit of 11323?
1
What is the thousands digit of 3603?
3
What is the units digit of 46?
6
What is the units digit of 886?
6
What is the tens digit of 19227?
2
What is the tens digit of 16007?
0
What is the hundreds digit of 1406?
4
What is the hundreds digit of 741?
7
What is the tens digit of 9216?
1
What is the units digit of 570?
0
What is the ten thousands digit of 12577?
1
What is the tens digit of 2306?
0
What is the tens digit of 17516?
1
What is the thousands digit of 3446?
3
What is the tens digit of 13990?
9
What is the thousands digit of 2642?
